5
Let y(i) = -2777*i - 1027502. What is y(-370)?
-12
Let b(k) = -3*k**2 + 416*k - 657. What is b(139)?
-796
Let t(g) = 5*g**3 - 5*g**2 - 377*g + 757. What is t(2)?
23
Let b(f) = f**3 + 257*f**2 - 445*f + 18898. Give b(-259).
-9
Let f(x) = 22*x**2 + 531*x + 2822. Give f(-8).
-18
Let z(h) = h**3 + 4*h**2 - 4412*h - 47684. What is z(-11)?
1
Let b(h) = 5*h**3 + 209*h**2 - 1087*h + 145. What is b(5)?
560
Let v(n) = n**3 + 151*n**2 - 611*n - 22866. What is v(-154)?
80
Let j(q) = 2*q**2 + 792*q + 50757. Give j(-75).
2607
Let o(p) = 4*p**3 - 16*p**2 - 15525*p + 62100. Give o(4).
0
Let b(x) = -67*x**3 - 1274*x**2 - 19*x - 7. Calculate b(-19).
-7
Let j(n) = 44382*n**2 + 7900000*n + 707. Give j(-178).
-5
Let h(t) = 3*t**2 + 17043*t + 221674. Determine h(-13).
622
Let p(t) = -t**3 - 3*t**2 + 309614*t + 1857578. What is p(-6)?
2
Let g(b) = -2*b**3 - 85*b**2 - 36*b + 3545. What is g(-41)?
-22
Let p(i) = -21*i**3 + 11*i**2 + 211*i - 211. Determine p(1).
-10
Let l(b) = -17007*b + 68037. Give l(4).
9
Let j(g) = 806*g**2 + 12897*g + 8. Calculate j(-16).
-8
Let p(b) = -38786*b - 154957. What is p(-4)?
187
Let y(n) = -6*n**3 - 238*n**2 + 311*n + 23. Determine y(-41).
720
Let s(w) = -2829*w - 566369. Give s(-200).
-569
Let o(h) = -112*h + 3204. Determine o(18).
1188
Let v(s) = 2*s**3 + 509*s**2 + 4676*s + 5195. What is v(-245)?
50
Let a(l) = -2*l**2 + 53*l + 4613. Calculate a(63).
14
Let t(u) = -19*u**3 - 43*u**2 - 314*u - 623. Determine t(-6).
3817
Let a(v) = 1904*v**2 + 215152*v + 18. What is a(-113)?
18
Let h(c) = -4*c**2 - 2459*c - 350616. Give h(-390).
-6
Let w(d) = -3*d**2 - 833*d + 78043. What is w(74)?
-27
Let p(u) = 121*u - 1238. Determine p(-8).
-2206
Let d(o) = -2*o**3 + 101*o**2 + 54*o - 159. Give d(51).
-6
Let n(t) = -6982*t - 363300. Determine n(-52).
-236
Let l(o) = -4*o**3 - 18*o**2 + 614*o - 1589. Calculate l(3).
-17
Let k(i) = i**3 + 12*i**2 - 137*i + 74. Calculate k(7).
46
Let q(d) = 22*d**2 + 2605*d - 143792. Calculate q(41).
-5
Let u(j) = 151*j**3 - 1208*j**2 + 16*j - 69. What is u(8)?
59
Let u(y) = 205*y**2 - 1266*y + 1781. Calculate u(4).
-3
Let s(t) = -5*t**3 + 1078*t**2 + 7135*t - 6900. What is s(222)?
-18
Let t(l) = -6356*l - 44503. Calculate t(-7).
-11
Let t(c) = 2*c**2 + 2871*c + 98172. What is t(-35)?
137
Let r(u) = 3588*u - 642147. Determine r(179).
105
Let v(t) = -1706*t + 28991. What is v(17)?
-11
Let n(a) = -110*a**3 + 6*a**2 + 19*a + 13. What is n(-2)?
879
Let u(k) = 248074*k - 5209568. Determine u(21).
-14
Let o(n) = 5*n**3 + 7*n**2 - 39*n + 439. Calculate o(5).
1044
Let q(j) = -10*j**2 + 14585*j - 958763. Give q(69).
-8
Let x(m) = -4*m**2 - 448508*m - 1. Give x(0).
-1
Let p(v) = -3*v**3 - 72*v**2 - 424*v + 90. Give p(-18).
1890
Let x(i) = -i**3 - 17*i**2 + 128*i - 181. Give x(-24).
779
Let d(v) = 162*v**2 + 938*v - 173. Calculate d(-6).
31
Let s(d) = -d**2 - 153*d + 951. Calculate s(6).
-3
Let s(y) = -1580*y - 1297. Determine s(-1).
283
Let t(p) = -p - 247. Determine t(63).
-310
Let p(o) = -226*o - 14139. What is p(-64)?
325
Let j(p) = p**2 - 267*p - 6798. Determine j(-23).
-128
Let x(v) = 685*v - 27401. Calculate x(40).
-1
Let r(j) = -6147*j - 116776. Determine r(-19).
17
Let r(j) = 27*j**3 - 2268*j**2 + j - 71. Determine r(84).
13
Let v(f) = 11*f**2 + 504*f + 3892. Calculate v(-36).
4
Let u(g) = 642*g + 42374. Calculate u(-66).
2
Let h(f) = 53*f - 5021. Determine h(107).
650
Let x(y) = 3*y**3 + 25*y**2 - 642*y + 49. Calculate x(11).
5
Let s(h) = 4*h**3 - 122*h**2 + 59*h + 3. Calculate s(30).
-27
Let g(r) = 41*r + 2255. Give g(-48).
287
Let d(i) = 100*i**2 - 4107*i + 272. Give d(41).
-15
Let n(r) = -3*r**3 - 17*r**2 + 1422*r + 12918. Give n(-10).
-2
Let p(o) = -7*o**2 + 500*o + 2530. Give p(-5).
-145
Let u(h) = -h**3 + 2*h**2 + 281*h + 442. Determine u(20).
-1138
Let r(w) = w**3 + 336*w**2 - 3808*w + 3032. Determine r(-347).
-91
Let h(u) = 161341*u + 1936014. Determine h(-12).
-78
Let m(w) = 689*w - 32161. Determine m(46).
-467
Let g(u) = 2*u**3 - 29*u**2 - 62*u + 12. Give g(16).
-212
Let s(z) = 10*z**2 + 765*z + 301. Give s(-76).
-79
Let h(x) = 351*x + 7180. Give h(-20).
160
Let b(p) = -31*p**3 + 6*p**2 - 42*p - 99. Give b(-2).
257
Let g(x) = 11840*x + 6133128. Calculate g(-518).
8
Let n(v) = -358116*v - 3939273. Give n(-11).
3
Let i(u) = -2*u**3 - 183*u**2 + 77*u - 1222. What is i(-92)?
158
Let b(g) = 340*g**3 + 7*g**2 + 580*g - 587. Calculate b(1).
340
Let v(z) = z**2 - 596*z - 426633. Determine v(-420).
87
Let i(s) = 2*s**2 - 2717*s - 719861. What is i(-227)?
-44
Let d(u) = -7*u**3 - 561*u**2 - 46*u + 2711. What is d(-80)?
-9
Let s(t) = 61*t + 36675. Give s(-601).
14
Let z(p) = 3*p**3 - 104*p**2 + 352*p - 401. Give z(31).
-60
Let j(t) = -3*t**2 + 6247*t - 1253702. What is j(225)?
-2
Let n(a) = 2577*a - 123692. Determine n(48).
4
Let b(q) = 2*q**3 - 171*q**2 - 63*q - 184. Give b(86).
1794
Let y(s) = 14207*s + 1420754. Give y(-100).
54
Let l(x) = 11626*x - 57895. Determine l(5).
235
Let v(u) = 7280*u + 36486. What is v(-5)?
86
Let k(i) = 182*i + 18930. Determine k(-104).
2
Let c(s) = 140*s**3 + 439*s**2 + 17. Calculate c(-3).
188
Let a(h) = -22*h**2 + 390*h - 953. Calculate a(3).
19
Let h(f) = 10*f**3 - 221*f**2 + 22*f - 125. Determine h(22).
-125
Let l(a) = -6853*a - 513962. Calculate l(-75).
13
Let v(w) = -4*w**2 - 736*w - 20990. Give v(-28).
-3518
Let d(m) = m**3 - 113*m**2 + 248*m - 54868. Calculate d(115).
102
Let g(o) = -2686*o - 5124. Calculate g(-2).
248
Let s(g) = 4362*g + 170126. Determine s(-39).
8
Let n(y) = y**3 - 120*y**2 + 2759*y + 79. What is n(89)?
79
Let d(l) = -l**3 - 2*l**2 + 1172*l - 61. Calculate d(32).
2627
Let r(p) = p**2 - 216259*p - 1081304. Calculate r(-5).
16
Let b(h) = -61476*h - 368873. Calculate b(-6).
-17
Let o(l) = 36*l + 2294. Calculate o(-33).
1106
Let q(i) = -276*i**2 + 21*i - 98. Give q(0).
-98
Let c(i) = i**3 + 63*i**2 + 493*i + 2920. Determine c(-55).
5
Let b(o) = 49*o**2 + 637*o + 1900. Determine b(-3).
430
Let c(k) = -k**3 - 23*k**2 + 61*k + 181. What is c(-11)?
-1942
Let j(m) = 41719*m + 458900. What is j(-11)?
-9
Let m(v) = 4*v**2 + 340*v - 1323. What is m(4)?
101
Let r(x) = 3*x**2 - 587*x + 954. Calculate r(194).
-16
Let a(u) = -u**3 + 278*u**2 - 11413*u + 3019. Determine a(228).
55
Let i(s) = 395*s + 35385. What is i(-89)?
230
Let a(l) = 7*l**2 - 558*l + 709. Give a(78).
-227
Let h(n) = n**2 - 102660*n - 410649. Calculate h(-4).
7
Let s(h) = -453624*h + 2721748. Determine s(6).
4
Let f(i) = i**2 + 592*i + 17898. Calculate f(-32).
-22
Let p(q) = 472*q + 8808. Determine p(-21).
-1104
Let q(v) = -16*v**2 - 20661*v + 103380. Calculate q(5).
-325
Let d(f) = -f**2 + 9738*f + 156016. Give d(-16).
-48
Let l(k) = -k**2 + 48829*k + 830390. Calculate l(-17).
8
Let g(i) = 149*i**2 + 215*i - 13. What is g(-4)?
1511
Let p(u) = u**3 - 227*u**2 + 1334*u - 1722. Calculate p(221).
46
Let b(g) = -1051*g - 14864. Calculate b(-14).
-150
Let c(q) = 2*q**2 + 1341*q + 43293. Give c(-34).
11
Let n(u) = -10*u**2 - 410*u - 5036. Determine n(-12).
-1556
Let k(u) = 14*u**3 + 71*u**2 - 85*u - 7. Calculate k(-6).
35
Let a(c) = 23*c**2 - 112*c + 237. Give a(3).
108
Let j(x) = -5*x**3 + 22*x**2 + 64*x - 256. Calculate j(4).
32
Let i(t) = 26*t**2 + 1226*t - 1270. Determine i(-48).
-214
Let f(i) = -i**3 - 172*i**2 + 23*i + 2765. What is f(-172)?
-1191
Let k(f) = f**3 + 23*f**2 - 52*f + 639. Give k(-26).
-37
Let g(j) = 252735*j - 2780062. Give g(11).
23
Let d(s) = -13*s**2 - 853*s - 156. Calculate d(-65).
364
Let d(j) = -3*j**2 - 933*j + 10545. Determine d(11).
-81
Let m(i) = 5*i**2 - 2043*i + 158409. Determine m(104).
17
Let y(z) = 2*z**2 - 203*z + 1300. Give y(7).
-23
Let g(k) = -k**2 + 542*k - 17994. What is g(35)?
-249
Let v(r) = r**3 + 32*r**2 + 167*r - 92. What is v(-24)?
508
Let k(l) = 914*l - 7684. What is k(14)?
5112
Let i(u) = -50*u**2 - 47*u + 56. What is i(-5)?
-959
Let m(a) = a**3 + 19*a**2 + 2418*a + 43211. Calculate m(-18).
11
Let o(w) = 9*w**2 - 3413*w - 79442. What is o(-22)?
0
Let a(g) = -2*g**3 + 2*g**2 + 40*g - 131. Calculate a(5).
-131
Let z(j) = -2988*j - 768. Calculate z(0).
-768
Let g(z) = -3*z**2 - 210*z - 1416. Give g(-7).
-93
Let p(t) = -17*t**2 - 223*t + 459. Calculate p(-14).
249
Let q(o) = -895*o + 1074. Determine q(1).
179
Let i(a) = -142*a**2 - 697*a + 58. Determine i(-5).
-7
Let 